igit of h(5)?
1
Let n = -32 - -71. Let x = n - 22. What is the units digit of x?
7
Suppose -5*t + 23 = 3. Suppose 4*m = 3*m + t. What is the units digit of m?
4
Suppose 0*t = 3*t + 15, 3*t + 7 = -j. Let w be (-51)/(-4)*16/3. Suppose -w = -j*p + 4*p. What is the tens digit of p?
1
Suppose 0*w = 2*w + 5*p - 1, -2*w + 3 = 3*p. What is the units digit of -4 - -4 - w - -55?
2
Suppose 4 = -5*w + 14. Suppose 2*f - 34 = -w. What is the tens digit of f?
1
What is the units digit of 19 - 6/4*2?
6
Let f be (3/(-5))/((-6)/30). What is the units digit of f*-3*(-18)/27?
6
Suppose 3*g + 55 = 4*g. Let r = -24 + g. What is the tens digit of r?
3
Suppose -3*d = -6*d + 33. Suppose -2*n + d = -1. What is the units digit of n?
6
Let m = -4 - -2. Let n = 3 + m. What is the units digit of n?
1
Suppose -77 + 21 = -5*p - 2*o, 0 = 4*o - 12. Suppose -2*l = -5*x + p - 47, -x = -l + 11. What is the units digit of l?
6
Let y(i) = 5*i. Let h be y(-1). Suppose -4*a + 42 = -5*d, 0 = -d + 3*a - 15. Let n = h - d. What is the units digit of n?
1
Let l(o) be the first derivative of 0*o + 1 + 0*o**2 - 11/2*o**4 + 1/3*o**3. What is the tens digit of l(-1)?
2
Let d(y) = -2*y - 6. Let r be d(-4). Suppose 4*s = -p + 14, -r*p - 6*s = -3*s - 13. Suppose -5*f + 18 = -p*f. What is the units digit of f?
6
Let z(d) = -14*d**2 - d - 5. Let y(c) = 28*c**2 + 2*c + 11. Let b(t) = -3*y(t) - 7*z(t). What is the units digit of b(-1)?
5
Suppose j - 24 = -2*j. Suppose -4*v = -6*v + j. What is the units digit of 65/v - (-3)/(-12)?
6
Let t(x) = 6*x**2 + 3*x - 3. Let d be t(3). Suppose 2*r + 2*r - g - d = 0, -2*g - 30 = -2*r. What is the tens digit of r?
1
Suppose -5*d = -3 - 2. Let u(w) be the third derivative of w**4/6 - w**3/6 - 2*w**2. What is the units digit of u(d)?
3
Let f be (0 - -2)/((-2)/(-71)). Suppose 0 = -3*i + 73 + f. What is the units digit of i?
8
What is the units digit of (2 + -3)/(10/(-470))?
7
Suppose 2*p - 5 - 17 = 0. What is the units digit of p?
1
Suppose 23 = -5*x + 78. Let a = -5 + x. What is the units digit of a?
6
Let f(w) be the second derivative of -w**5/60 + w**4/4 + w**3/2 + w**2/2 + 2*w. Let k(q) be the first derivative of f(q). What is the units digit of k(6)?
3
Suppose 0 = -0*q + 4*q - 312. Let b = q + -56. What is the tens digit of b?
2
Suppose 0*i + 28 = 2*i - 5*k, -k + 70 = 5*i. Let h = 5 + i. What is the tens digit of h?
1
Suppose 5*c = -15, -3*a + 3*c + 81 = -a. What is the tens digit of a?
3
Let u(r) = 6*r - r**3 - 7 + 7*r**2 - r + 6*r - r**2. What is the tens digit of u(7)?
2
Let w be (-2 - -4) + (-4)/(-4). Suppose 4*m = -p + 22, 2*p - 4*m - 110 = -w*p. What is the tens digit of p?
2
Let i = -17 + 2. Let j = -7 - i. What is the units digit of ((-30)/j)/(-3)*4?
5
Suppose -2*i - 10 = -u + 5*u, 0 = -2*i + u - 5. Let p(a) = a + 6. Let k be p(6). Let z = k + i. What is the units digit of z?
9
Let h be 0 + 1/(3/9). Let p = h - 0. Suppose s - p = 2. What is the units digit of s?
5
Let h = -3 - -7. What is the units digit of (h/5)/(8/20)?
2
What is the tens digit of (-1 - 2) + 36 - -2?
3
Suppose 6*y - 4*y = 100. What is the units digit of y?
0
Let b(u) be the third derivative of u**6/120 - u**5/12 - 5*u**4/24 - 2*u**3/3 + u**2. What is the units digit of b(6)?
2
Let m = 40 + -37. What is the units digit of m?
3
Let q = 9 - 9. Suppose q = 5*b - 18 + 3. What is the units digit of (16/b)/(2/6)?
6
Let a = -3 - -6. Suppose 4*z - 4 = 3*z - w, -z = 2*w - 5. Let m = a + z. What is the units digit of m?
6
Suppose -3*w - 3*f + 216 = 0, 0 = -4*w + 5*f - 2*f + 260. What is the units digit of w?
8
Let l = -29 + 30. What is the units digit of l?
1
Suppose 0 = -4*z + 13 + 3. Let f(l) = 3*l**2 - 4*l + 3. What is the units digit of f(z)?
5
Let y be (-4)/(-6) + 22/(-6). Let b(p) = 4*p**3 + 4*p**2 - 8. Let n(k) = -9*k**3 - 7*k**2 + 16. Let v(o) = y*n(o) - 7*b(o). What is the units digit of v(-7)?
8
Let n = 41 - 24. Let t = n + -26. Let z(l) = l**3 + 8*l**2 - 9*l + 10. What is the tens digit of z(t)?
1
Suppose 2*l + m - 2 = 1, 3*l - 2*m + 6 = 0. Suppose -2*x + 5*d + 6 = 0, 0 = d - 2 - l. What is the units digit of x?
8
Let z = 46 - 9. What is the tens digit of z?
3
Let m = -14 + 16. Let g(s) = s**3 + 2*s**2 + 2*s - 3. What is the tens digit of g(m)?
1
Let k(s) = s**3 + 7*s**2 + 4. Let y be k(-6). What is the units digit of y/6 + 1/3?
7
Suppose j - 13 = 10. What is the tens digit of j?
2
Let c(f) = -f**3 + 5*f**2 + 7*f - 2. Let a be c(6). Let g(s) = -s**3 + 7*s**2 + 9*s + 10. Let r be g(8). Suppose -2*w - r = -a*w. What is the units digit of w?
9
Suppose 11*b - 8*b + 121 = 2*h, h + 4*b = 88. What is the tens digit of h?
6
Let y = -17 - -16. What is the units digit of 172/(-8)*(-1 + y)?
3
Suppose -2*h - 72 = h. Let f = 12 + h. Let m = -6 - f. What is the units digit of m?
6
Suppose -2*o = 3*o - 135. Suppose -3*c + 5*c = -4*g + 22, -3*g + c + 9 = 0. Suppose o = g*a - 9. What is the units digit of a?
9
Suppose -22*j + 2313 = -13*j. What is the units digit of j?
7
Suppose 2*f = 5*f + 5*d - 27, f - 16 = -4*d. Suppose 0*v - 2*v = -f. Suppose -v*k = 3*k - 40. What is the units digit of k?
8
Suppose 0 = 5*l + u - 14, -l + 2 = -0*u + u. Suppose 7 = -2*a + l*a. Let j(q) = q + 1. What is the units digit of j(a)?
8
Let x be (4 + -10)*1/1. Let t(j) = -6*j - 7. What is the tens digit of t(x)?
2
Suppose -j + 17 = -5*i, -3*i - 6 - 3 = 0. Suppose 3*q + 6 = 0, 30 = 5*y - j*q - 14. What is the units digit of y?
8
Let z = 681 + -399. What is the units digit of z?
2
Let r(n) = 4*n**2 - 6*n - 14. What is the units digit of r(-4)?
4
Let y(p) = p**2 - 8*p + 3. Let o be y(6). What is the units digit of 0 - (0 + 1)*o?
9
What is the hundreds digit of (-5757)/(-21) - (-11)/(-77)?
2
Suppose z = -3*k + 2 + 2, 2*z = 3*k - 1. What is the units digit of (3/9)/(z/81)?
7
Let v be (-4)/22 - (-2692)/44. Let z = -41 + v. What is the units digit of z?
0
Suppose 11*x = x + 790. What is the units digit of x?
9
Suppose 25*x - 28*x + 87 = 0. What is the units digit of x?
9
Suppose 2*d = 10 + 22. What is the tens digit of 1 + (-4)/(d/(-60))?
1
Let l(i) = i**3 - 4*i**2 + 6*i - 4. Let p be 2*2/(3/3). What is the units digit of l(p)?
0
Let p = -90 - -142. What is the units digit of p?
2
Let q(i) = -i - 8. Let f be q(-8). Suppose 5*b + 0*b - 4 = -3*z, f = b + 2*z + 2. Suppose 3*s + 5*v = 31, b*s + 2*v - 32 = -2*s. What is the units digit of s?
7
Let f = -21 + 166. What is the hundreds digit of f?
1
Suppose k = -6*k + 42. What is the units digit of k?
6
Suppose 3*k + 0*k = b + 20, k = b + 10. Suppose -3*d + 70 = 2*d + 5*g, k*d - 60 = -3*g. Let j = 21 - d. What is the tens digit of j?
1
Suppose 0 = -2*f - 4*g - 2, 2*g = -2*g - 20. Let o = f - 15. Let k(v) = -v**2 - 8*v - 8. What is the units digit of k(o)?
4
Let o be (0 - -1 - 0) + 34. Suppose -4*p + 14 = -2. Suppose l + p*l - o = 0. What is the units digit of l?
7
Suppose -h - 4 = -2. Let q be h/4 + (-20)/(-8). What is the units digit of (0 - q)/(10/(-15))?
3
Let v(k) = 5*k**2 + 2*k. Suppose -5*p = 4*d - 40 + 7, 4*d = p + 3. Let s = d + -4. What is the tens digit of v(s)?
1
Let l(b) = -4*b**2 + 14*b + 6. Let p(n) = -3*n**2 + 13*n + 6. Let q(u) = 4*l(u) - 5*p(u). Let m be q(-6). What is the units digit of 3/(m/(-21) - -1)?
7
Let w(n) = -n + 3. Let m be (4 - 3)*-1*-2. Suppose m*v = v. What is the units digit of w(v)?
3
Let o = -35 - -418. What is the hundreds digit of o?
3
Suppose 44 + 6 = 5*d. What is the units digit of d?
0
Suppose m + w - 3 = 0, 0 = -m + 3*w + 6 + 1. Suppose -18 = o - m*o. What is the units digit of -3 + o + 4/2?
5
Let h(x) = x**3 - 6*x**2 - 6*x. Let i be h(8). Suppose -b = -3*s + 12 + 40, 5*b + i = 5*s. Suppose j = -1 + s. What is the tens digit of j?
1
Suppose 2*a - 67 = -3*a + 3*k, -3*a + 25 = 2*k. Suppose -t + 7*v - a = 2*v, 49 = 5*t + v. What is the units digit of -1 + 3/(t/6)?
1
Suppose -g - 4 = 0, -157 + 65 = -3*p + 5*g. What is the tens digit of p?
2
Let g(m) = 16*m - 5. Let z be g(8). Suppose -3*h = -3*o + z, 4 = 5*o + 2*h - 166. What is the units digit of o?
6
Let k(b) = 3*b**2 + 1. Let g be k(1). Suppose -i + 5*i = g. What is the units digit of i?
1
Suppose 5*y - 10 + 0 = 0. Let n be 8 + (-2 + y - 1). Let f(w) = w**2 - 5*w - 7. What is the units digit of f(n)?
7
Suppose -2*n + 5*u - 61 = -0*u, n + 28 = 2*u. Let o = -4 - n. What is the units digit of o?
4